 Calculate b(-77).
-5
Let v(g) = -2*g**3 + 10*g**2 - 12*g + 3. Give v(7).
-277
Let l(y) = y**3 - 22*y**2 - 67*y - 146. Give l(25).
54
Let c(z) = 168*z + 14789. What is c(-88)?
5
Let s(x) = -4*x - 606. Calculate s(43).
-778
Let z(d) = -2743*d + 181044. What is z(66)?
6
Let u(g) = -18*g**2 + 43*g + 33. Give u(3).
0
Let i(r) = -22*r + 896. Determine i(35).
126
Let d(f) = -25*f - 213. What is d(-12)?
87
Let m(b) = 2*b**3 - 208*b**2 - 426*b - 13. Calculate m(-2).
-9
Let t(q) = q**3 - 126*q**2 + 487*q + 116. Give t(122).
-6
Let b(z) = -3*z**3 - 110*z**2 - 72*z + 12. Determine b(-36).
12
Let v(s) = s**3 - 9*s**2 - 13*s + 25. Calculate v(10).
-5
Let t(p) = 5*p**3 - 17*p**2 - 152*p + 478. What is t(3)?
4
Let z(u) = 8*u**3 - 36*u**2 + 16*u + 9. Give z(4).
9
Let b(i) = i**2 - 10*i - 77. What is b(14)?
-21
Let b(q) = -45*q - 1369. Give b(-31).
26
Let o(t) = -7*t**3 - 2*t**2 + 17*t + 33. Calculate o(-2).
47
Let u(q) = 3*q**3 + 45*q**2 - 9*q - 32. Give u(-15).
103
Let s(z) = 35696*z - 214169. Calculate s(6).
7
Let f(s) = -4*s**2 + 6*s - 43. Determine f(11).
-461
Let j(d) = 29*d - 363. Give j(13).
14
Let u(r) = 46*r - 29. Determine u(2).
63
Let f(k) = -8*k**2 + 22*k + 19. Determine f(3).
13
Let r(o) = -o**2 + 17*o + 2370. Calculate r(-41).
-8
Let c(g) = g**3 + 10*g**2 - 68*g - 58. Determine c(5).
-23
Let w(j) = -15*j - 73. Give w(-4).
-13
Let g(r) = -28*r**2 + 2994*r + 205. Determine g(107).
-9
Let q(d) = 15*d**2 + 20*d + 127. Give q(-4).
287
Let u(p) = -p**2 + 338*p + 11007. Calculate u(-30).
-33
Let s(d) = -207*d**2 - 7*d + 6. Determine s(1).
-208
Let h(s) = s**2 - 24*s - 6. What is h(17)?
-125
Let h(g) = -g**3 + 15*g**2 - 20*g - 43. Give h(10).
257
Let t(v) = -v**3 - 24*v**2 + 26*v - 36. Give t(-25).
-61
Let u(n) = -5*n**2 - 64*n + 20. Give u(-13).
7
Let a(u) = 2*u - 61. Calculate a(45).
29
Let m(k) = -k**2 - 82*k - 886. Calculate m(-17).
219
Let v(p) = -8*p**3 - 57*p**2 - 11*p - 24. What is v(-7)?
4
Let y(n) = -n**3 - 58*n**2 - 113*n - 142. Give y(-56).
-86
Let x(q) = q**3 + 17*q**2 - 36*q - 1063. Give x(-15).
-73
Let q(m) = 3*m**2 - 4*m - 175. Calculate q(0).
-175
Let u(f) = 22*f**2 + 2312*f + 205. What is u(-105)?
-5
Let n(m) = 2*m**3 - 100*m**2 + 602*m - 5. Calculate n(43).
-5
Let c(n) = -n**3 - 10*n**2 + 7*n + 60. Determine c(-4).
-64
Let o(g) = 17*g**2 + 761*g - 967. Determine o(-46).
-1
Let t(w) = -918*w + 43157. Determine t(47).
11
Let v(x) = x**2 - 2027*x - 8139. Calculate v(-4).
-15
Let r(u) = -u**2 - 85*u + 643. What is r(7)?
-1
Let w(d) = -d**2 + 45*d - 333. Calculate w(35).
17
Let t(i) = i**3 + 29*i**2 - 170*i + 11. What is t(-34)?
11
Let w(k) = -k**3 - 11*k**2 - 30*k - 9. Give w(-5).
-9
Let o(y) = -65*y - 3317. Give o(-51).
-2
Let s(q) = q**2 + 33*q + 144. Determine s(-29).
28
Let o(a) = -2285*a - 9124. Calculate o(-4).
16
Let m(n) = -n**3 + 99*n**2 - 730*n + 177. Give m(91).
-5
Let a(m) = 44*m**2 - 37*m - 17. Determine a(5).
898
Let z(m) = -3*m**2 - 3*m - 33. Give z(8).
-249
Let c(z) = -z**3 - 13*z**2 + 510*z - 5. Calculate c(-30).
-5
Let p(n) = n**3 - 18*n**2 + 2*n - 6. What is p(18)?
30
Let z(y) = 275*y + 1932. Give z(-7).
7
Let p(n) = 2*n**3 + 2*n**2 - 4*n + 5. What is p(2)?
21
Let u(i) = -i**2 - 39*i + 54. What is u(7)?
-268
Let s(u) = -u**3 - 150*u**2 + 1339*u + 11848. Determine s(-158).
-2
Let h(b) = b**3 - b**2 + 4*b - 48. Calculate h(4).
16
Let b(a) = a**2 + 38*a + 68. Calculate b(-5).
-97
Let t(i) = -8*i + 148. Determine t(7).
92
Let s(u) = 89*u - 229. Calculate s(3).
38
Let p(f) = 279*f - 3068. Calculate p(11).
1
Let j(b) = 152*b + 332. Determine j(-2).
28
Let c(z) = -2*z**3 + 13*z**2 - 6*z + 20. What is c(7)?
-71
Let v(f) = -7651*f + 30603. Give v(4).
-1
Let k(h) = 8136*h - 105769. Determine k(13).
-1
Let d(h) = -18*h**2 + 364*h + 28. What is d(21)?
-266
Let j(l) = -13*l + 298. Calculate j(21).
25
Let x(p) = -671*p - 8718. Determine x(-13).
5
Let o(y) = -57*y - 6902. Determine o(-121).
-5
Let k(x) = -26*x + 2515. Give k(97).
-7
Let s(d) = 332*d + 2642. Give s(-8).
-14
Let s(n) = 3*n**2 - 78*n + 72. What is s(25)?
-3
Let f(k) = 31*k - 4. Give f(3).
89
Let h(g) = -2005*g + 50121. What is h(25)?
-4
Let x(n) = -17*n**3 + 3*n**2 - 9*n + 14. Calculate x(2).
-128
Let a(r) = 5*r**2 - 164*r + 54. Calculate a(33).
87
Let w(s) = s**2 + 133*s + 1280. Determine w(-122).
-62
Let f(p) = -4*p**2 - 44*p - 65. Determine f(-2).
7
Let i(k) = -k**3 + 28*k**2 - 106*k + 11. Give i(5).
56
Let q(i) = i**3 - 2*i**2 - 19*i - 31. Determine q(6).
-1
Let d(b) = -60*b + 7. What is d(-1)?
67
Let h(m) = -106*m + 742. Determine h(7).
0
Let q(i) = -1323*i - 21162. Determine q(-16).
6
Let p(q) = q**2 + 42*q - 260. Give p(6).
28
Let a(n) = 4*n**2 - 6*n + 16. Give a(3).
34
Let i(f) = f**3 + 12*f**2 - 298*f - 3748. Give i(-14).
32
Let i(h) = -37*h**3 + 5*h**2 + 8*h + 9. What is i(-2)?
309
Let l(j) = -j**3 - 13*j**2 - 24*j - 43. Determine l(-10).
-103
Let j(x) = -x**2 + 3*x + 239. Calculate j(13).
109
Let x(a) = -2*a**2 - 8*a + 141. What is x(-10)?
21
Let p(u) = 7*u**3 + 155*u**2 + 28*u + 146. Calculate p(-22).
14
Let m(f) = -f**3 + 196*f**2 + 1012*f + 11. Calculate m(-5).
-24
Let k(z) = 3*z**3 + 11*z**2 - 6*z + 3. Calculate k(-4).
11
Let v(g) = -2*g**2 - 1436*g + 17512. What is v(12)?
-8
Let a(h) = 52*h - 61. Determine a(-5).
-321
Let i(j) = -j**3 + 10*j**2 + 95*j + 13. What is i(16)?
-3
Let b(h) = -10*h**2 + 2221*h + 4456. Give b(-2).
-26
Let i(l) = -7*l + 190. What is i(25)?
15
Let h(r) = r**2 - 172*r + 512. What is h(3)?
5
Let x(f) = 14*f - 607. Give x(43).
-5
Let s(i) = 4*i**3 - 17*i**2 + 13*i + 10. Give s(4).
46
Let g(i) = 3*i**3 - 24*i**2 - 22*i + 2. Give g(-1).
-3
Let s(x) = 3*x**3 + 16*x**2 + 97*x + 456. Give s(-5).
-4
Let s(u) = -8*u - 76. Calculate s(-10).
4
Let s(a) = -1384*a - 12444. Determine s(-9).
12
Let s(n) = 8*n**3 + 6*n**2 + 4*n - 2. Calculate s(-1).
-8
Let c(j) = -j**3 + 3*j**2 - 117*j + 478. Calculate c(4).
-6
Let i(g) = -3*g**2 - 2247*g - 6719. Calculate i(-3).
-5
Let h(n) = -8*n**2 + 14*n + 12. Determine h(7).
-282
Let q(c) = 30*c - 750. Determine q(27).
60
Let h(a) = 4*a**2 - 126*a + 79. Determine h(31).
17
Let j(l) = -l**3 - 22*l**2 + 30*l + 8. What is j(-23)?
-153
Let y(m) = -14*m + 644. Calculate y(47).
-14
Let c(p) = p**2 - 17*p + 97. Calculate c(9).
25
Let q(s) = 70*s - 5273. What is q(73)?
-163
Let t(j) = j**2 - 62*j + 213. Calculate t(59).
36
Let o(h) = h**3 - 85*h**2 - 93*h + 582. What is o(86)?
-20
Let p(c) = -2*c**3 - 2*c**2 + 24*c - 27. Calculate p(4).
-91
Let d(q) = 24*q - 742. What is d(31)?
2
Let s(t) = -2*t**3 - 59*t**2 - 16*t + 504. What is s(-29)?
127
Let r(l) = -l**3 - 67*l**2 - 255*l - 87. Determine r(-63).
102
Let p(d) = -16*d + 165. Give p(10).
5
Let f(w) = -w**3 + 100*w**2 + 206*w - 439. Determine f(102).
-235
Let g(p) = -35*p - 5024. Calculate g(-144).
16
Let r(g) = g**2 + 61*g - 184. Determine r(-64).
8
Let x(v) = -94*v + 2877. Determine x(31).
-37
Let l(h) = -89*h**3 + 15*h**2 - 10*h - 4. Determine l(1).
-88
Let a(w) = w**3 - 10*w**2 + 44*w - 11. Give a(4).
69
Let p(q) = -166*q - 98. Calculate p(-2).
234
Let t(m) = -45*m**2 - 2*m - 1. Calculate t(1).
-48
Let x(l) = 90*l**3 - 363*l**2 + 15*l - 10. What is x(4)?
2
Let g(d) = d**3 + 142*d**2 - 52*d + 13016. Give g(-143).
3
Let v(w) = -25*w + 610. Determine v(17).
185
Let x(a) = a**2 + 899*a - 13716. Determine x(15).
-6
Let j(p) = -p**3 + 89*p**2 + 331*p + 3808. What is j(93)?
-5
Let v(s) = -s**3 + 4*s**2 + 4*s + 15. What is v(4)?
31
Let n(i) = 2*i**2 + 49*i + 506. Determine n(-9).
227
Let u(n) = -n**3 - 45*n**2 - 47*n - 149. What is u(-44)?
-17
Let h(j) = 2*j**2 + 71*j - 2514. Give h(-57).
-63
Let z(j) = -j**2 + 7376*j - 58937. Give z(8).
7
Let s(a) = -85*a - 462. Give s(-6).
48
Let f(b) = -2*b**3 - 26*b**2 + 41*b + 187. Determine f(-14).
5
Let j(p) = -p**3 + 52*p**2 - 678*p + 65. Calculate j(26).
13
Let l(r) = -r**2 - 28*r - 165. Determine l(-20).
-5
Let h(w) = 2*w**3 - 32*w**2 - 14*w - 19. Give h(16).
-243
Let m(p) = -2*p**3 - 4*p**2 + 32*p - 16. What is m(-7)?
250
Let x(v) = -v**3 + 35*v**2 + 44*v + 40. Calculate x(36).
328
Let f(v) = 3*v**3 - v**2 + 32*v + 147. Give f(-5).
-413
Let z(u) = 488*u + 13137. Give z(-27).
-39
Let u(a) = 320*a + 775. Give u(-3).
-185
Let l(b) = -b**3 + 20*b**2 - 111*b + 136. Give l(12).
-44
Let s(z) = -3*z**2 - 54*z + 130. What is s(-21)